 20 and 45860.
20
What is the greatest common divisor of 4134 and 5538?
78
Calculate the greatest common factor of 126 and 3447.
9
What is the greatest common factor of 6096 and 9456?
48
What is the highest common divisor of 1072 and 103448?
536
What is the greatest common divisor of 1513 and 15041?
89
Calculate the highest common factor of 1074958 and 1526.
218
What is the greatest common divisor of 53721 and 24003?
1143
What is the greatest common divisor of 14857 and 166?
83
Calculate the greatest common divisor of 69936 and 1860.
372
What is the highest common divisor of 108896 and 2324?
332
What is the highest common factor of 333144 and 672?
168
Calculate the greatest common factor of 2427 and 81.
3
Calculate the greatest common factor of 19530 and 1359.
9
What is the greatest common divisor of 1900 and 1135800?
100
What is the greatest common factor of 353793 and 6816?
213
What is the highest common divisor of 1326 and 91884?
78
Calculate the greatest common divisor of 203 and 7076.
29
Calculate the highest common factor of 791668 and 188.
188
Calculate the greatest common factor of 118 and 51094.
118
What is the highest common factor of 5 and 32845?
5
What is the highest common divisor of 384160 and 160?
160
Calculate the highest common factor of 24056 and 8.
8
What is the greatest common divisor of 132 and 15807?
33
What is the greatest common factor of 288 and 6600288?
96
Calculate the greatest common divisor of 61 and 4173376.
61
Calculate the greatest common divisor of 249379 and 65.
13
Calculate the highest common factor of 2112 and 129096.
264
What is the highest common divisor of 1151895 and 15?
15
What is the greatest common factor of 868 and 11036?
124
What is the greatest common divisor of 602 and 21328?
86
Calculate the highest common divisor of 14000 and 2240.
560
What is the greatest common divisor of 432773 and 11?
11
What is the greatest common divisor of 45633 and 14637?
861
What is the greatest common divisor of 289007 and 146?
73
What is the greatest common factor of 82244 and 7598?
58
What is the greatest common divisor of 2366 and 2106468?
182
What is the highest common divisor of 56624 and 368?
16
What is the highest common factor of 438480 and 252?
252
Calculate the highest common divisor of 18445 and 108562.
527
Calculate the greatest common divisor of 7133 and 133.
7
Calculate the greatest common divisor of 989 and 402007.
43
Calculate the greatest common divisor of 1000 and 847625.
125
What is the greatest common divisor of 160 and 250880?
160
Calculate the greatest common divisor of 3045 and 30975.
105
What is the highest common factor of 20171 and 69?
23
What is the highest common factor of 355 and 17892710?
355
Calculate the highest common factor of 5 and 79.
1
Calculate the greatest common factor of 12138 and 10982.
578
What is the greatest common divisor of 41989 and 2587?
199
What is the highest common factor of 216416 and 64?
32
Calculate the highest common divisor of 855 and 29385.
45
Calculate the greatest common factor of 165871 and 407.
37
Calculate the greatest common factor of 11392 and 989680.
1424
Calculate the greatest common divisor of 98625 and 30.
15
What is the highest common factor of 636 and 1911498?
318
What is the highest common divisor of 167 and 444053?
167
Calculate the greatest common divisor of 4238598 and 21.
21
What is the greatest common divisor of 443 and 446101?
443
Calculate the highest common factor of 39 and 24076.
13
What is the greatest common divisor of 13623 and 969?
57
Calculate the greatest common factor of 1335848 and 444.
148
Calculate the greatest common divisor of 141417 and 342.
171
What is the highest common divisor of 1158 and 184894?
386
Calculate the greatest common factor of 9 and 10740.
3
Calculate the greatest common factor of 351 and 10618803.
351
Calculate the greatest common divisor of 45 and 11535.
15
What is the highest common divisor of 75812 and 88?
44
Calculate the greatest common factor of 7544 and 6314.
82
Calculate the highest common factor of 220611 and 1208.
151
Calculate the greatest common factor of 1501164 and 222.
222
Calculate the highest common factor of 6444 and 19153.
179
Calculate the highest common divisor of 598965 and 135.
15
What is the highest common divisor of 621 and 322?
23
What is the highest common factor of 24 and 6632?
8
Calculate the greatest common factor of 12060 and 300.
60
What is the greatest common divisor of 32055 and 60?
15
Calculate the greatest common factor of 208098 and 14.
2
What is the greatest common factor of 106085 and 245?
245
What is the greatest common factor of 12608220 and 60?
60
Calculate the greatest common factor of 112034 and 124.
62
What is the highest common divisor of 10529 and 32?
1
What is the greatest common divisor of 17303 and 1859?
143
What is the greatest common factor of 557 and 154289?
557
What is the greatest common factor of 187748 and 68?
68
What is the highest common factor of 79485 and 120?
15
Calculate the greatest common divisor of 1442 and 23422.
14
What is the greatest common factor of 104 and 1028248?
104
What is the highest common divisor of 13 and 3145883?
13
What is the greatest common divisor of 1291 and 1214831?
1291
What is the greatest common factor of 9892 and 1032?
4
Calculate the highest common factor of 1554 and 780.
6
Calculate the greatest common factor of 924 and 733404.
84
What is the greatest common factor of 13541 and 7?
1
Calculate the highest common divisor of 126 and 323757.
63
Calculate the highest common factor of 3227 and 30887.
461
What is the greatest common factor of 93474 and 36?
18
Calculate the highest common divisor of 15600 and 295200.
1200
Calculate the greatest common factor of 1305 and 2169.
9
Calculate the greatest common factor of 6342 and 42.
42
Calculate the highest common divisor of 6538 and 16128.
14
What is the greatest common factor of 2160 and 2403?
27
What is the greatest common divisor of 152446 and 14?
14
Calculate the greatest common divisor of 108 and 320652.
108
What is the greatest common divisor of 2714 and 64216?
46
What is the greatest common divisor of 4 and 164156?
4
What is the highest common factor of 1705525 and 425?
425
What is the highest common divisor of 54 and 1331580?
6
Calculate the highest common divisor of 2812 and 1928.
4
What is the highest common factor of 27692 and 56?
28
What is the highest common divisor of 29944 and 128?
8
Calculate the highest common divisor of 11 and 288431.
11
Calculate the greatest common factor of 99848 and 938.
14
Calculate the highest common factor of 3344076 and 228.
228
What is the highest common divisor of 3774 and 814?
74
Calculate the highest common divisor of 72 and 239040.
72
Calculate the highest common divisor of 9646 and 8918.
182
Calculate the highest common factor of 6466 and 6042.
106
What is the highest common divisor of 40 and 95510?
10
What is the greatest common factor of 4 and 5152?
4
Calculate the greatest common divisor of 582 and 7117278.
582
Calculate the greatest common divisor of 657072 and 208.
208
What is the greatest common divisor of 32 and 10442?
2
What is the highest common factor of 91378 and 2989?
427
What is the highest common factor of 371 and 119091?
371
Calculate the highest common divisor of 11388 and 38252.
292
What is the highest common divisor of 18 and 34680?
6
What is the highest common factor of 522 and 319?
29
What is the greatest common factor of 19 and 478249?
19
Calculate the greatest common factor of 33 and 677490.
33
What is the greatest common factor of 92332 and 820?
164
What is the greatest common factor of 9752 and 644?
92
Calculate the highest common factor of 155817 and 3915.
783
Calculate the greatest common divisor of 196713 and 7326.
99
What is the highest common divisor of 1868 and 112?
4
What is the highest common divisor of 27586 and 78?
26
Calculate the greatest common factor of 1200 and 283440.
240
What is the greatest common divisor of 3385 and 25?
5
Calculate the greatest common divisor of 3583668 and 374.
374
What is the greatest common divisor of 816025 and 77?
7
Calculate the highest common divisor of 156 and 2691.
39
What is the greatest common divisor of 34669 and 599680?
937
Calculate the greatest common 